{"id":12,"date":"2022-01-02T11:22:03","date_gmt":"2022-01-02T11:22:03","guid":{"rendered":"http:\/\/www.kantamaantila.fi\/?page_id=12"},"modified":"2025-09-01T16:02:37","modified_gmt":"2025-09-01T14:02:37","slug":"hinnat","status":"publish","type":"page","link":"https:\/\/www.kantamaantila.fi\/index.php\/hinnat\/","title":{"rendered":"Hinnat"},"content":{"rendered":"\n<h2 id=\"u15262-2\">Koivuklapi<\/h2>\n\n\n\n<p>90 \u20ac \/ heittokuutio<\/p>\n\n\n\n<p>135 \u20ac \/ s\u00e4kki<\/p>\n\n\n\n<h2 id=\"u15262-2\">Sekaklapi<\/h2>\n\n\n\n<p>88 \u20ac \/ heittokuutio<\/p>\n\n\n\n<p>132 \u20ac \/ s\u00e4kki<\/p>\n\n\n\n<h2 id=\"u15262-2\">Toimitukset<\/h2>\n\n\n\n<p id=\"u15262-3\">Toimitukset 1,5 kuution pohjasta tyhjennett\u00e4viss\u00e4 s\u00e4keiss\u00e4. Suurin kerralla toimittava m\u00e4\u00e4r\u00e4 12 s\u00e4kki\u00e4. Toimitukset kuljetetaan katetulla kuorma-autolla, jolloin puut s\u00e4ilyv\u00e4t kuivana perille asti.&nbsp;<\/p>\n\n\n\n<p id=\"u15262-8\">Toimitusmaksu hinnoitellaan matkan mukaan. Voit my\u00f6s noutaa puut varastolta.&nbsp;<\/p>\n\n\n\n<h2 id=\"u15262-11\">Maksutavat<\/h2>\n\n\n\n<p id=\"u15262-12\">Maksutapa on k\u00e4teismaksu toimituksen yhteydess\u00e4. K\u00e4teinen, yleisimm\u00e4t pankki- ja luottokortit k\u00e4yv\u00e4t maksuv\u00e4lineen\u00e4.&nbsp;<\/p>\n\n\n\n<p id=\"u15262-17\">Hinnat sis\u00e4lt\u00e4v\u00e4t arvolis\u00e4veron 24 %. Hinnat eiv\u00e4t sis\u00e4ll\u00e4 toimitusmaksua.&nbsp;<\/p>\n\n\n\n<h2 id=\"u15262-20\">S\u00e4kki<\/h2>\n\n\n\n<p id=\"u15262-21\">S\u00e4kki voidaan tarvittaessa my\u00f6s myyd\u00e4 15 \u20ac \/ kpl, hyvit\u00e4mme tyhj\u00e4st\u00e4 s\u00e4kist\u00e4 15 \u20ac \/ kpl.<\/p>\n\n\n\n<p><\/p>\n","protected":false},"excerpt":{"rendered":"<p>Koivuklapi 90 \u20ac \/ heittokuutio 135 \u20ac \/ s\u00e4kki Sekaklapi 88 \u20ac \/ heittokuutio 132 \u20ac \/ s\u00e4kki Toimitukset Toimitukset 1,5 kuution [&hellip;]<\/p>\n","protected":false},"author":1,"featured_media":0,"parent":0,"menu_order":0,"comment_status":"closed","ping_status":"closed","template":"","meta":[],"_links":{"self":[{"href":"https:\/\/www.kantamaantila.fi\/index.php\/wp-json\/wp\/v2\/pages\/12"}],"collection":[{"href":"https:\/\/www.kantamaantila.fi\/index.php\/wp-json\/wp\/v2\/pages"}],"about":[{"href":"https:\/\/www.kantamaantila.fi\/index.php\/wp-json\/wp\/v2\/types\/page"}],"author":[{"embeddable":true,"href":"https:\/\/www.kantamaantila.fi\/index.php\/wp-json\/wp\/v2\/users\/1"}],"replies":[{"embeddable":true,"href":"https:\/\/www.kantamaantila.fi\/index.php\/wp-json\/wp\/v2\/comments?post=12"}],"version-history":[{"count":7,"href":"https:\/\/www.kantamaantila.fi\/index.php\/wp-json\/wp\/v2\/pages\/12\/revisions"}],"predecessor-version":[{"id":66,"href":"https:\/\/www.kantamaantila.fi\/index.php\/wp-json\/wp\/v2\/pages\/12\/revisions\/66"}],"wp:attachment":[{"href":"https:\/\/www.kantamaantila.fi\/index.php\/wp-json\/wp\/v2\/media?parent=12"}],"curies":[{"name":"wp","href":"https:\/\/api.w.org\/{rel}","templated":true}]}}